4*r + 69614. What is the ten thousands digit of z?
6
Let s(h) = 29*h**2 - 94*h - 6448. What is the tens digit of s(-50)?
5
Suppose 209582 = -25*l + 354034 + 349848. What is the ten thousands digit of l?
1
Let n(o) = 5*o**3 + 275*o**2 - 63. What is the ten thousands digit of n(-51)?
5
Suppose -39732 = -2*g + 7*h - 11*h, -6*h - 99250 = -5*g. What is the units digit of g?
6
Let o(p) = -3*p**2 + 4*p + 4. Let s be o(4). Let g = 1658 - 1625. Let j = s + g. What is the units digit of j?
5
What is the units digit of ((-36)/(-11))/((-306)/(-582318))?
8
Let z = -420 + -213. Let p = z + 1393. What is the units digit of p?
0
Let q = -45 - -97. Let z(a) = -17*a + 57. Let w be z(0). Suppose q*c - w*c = -205. What is the tens digit of c?
4
Suppose 16*t - 22 = 5*t. Suppose t*d - 136 = -4*g, -61 = -4*d + 2*g + 171. Suppose -j - d = -3*x + 131, 2*j = 2*x - 130. What is the units digit of x?
3
Let h = 117747 + -61359. What is the thousands digit of h?
6
Let z = -20 + 32. Suppose 32*c = 35*c - z. Suppose 0 = -5*j + c*q + q + 705, -399 = -3*j - 3*q. What is the units digit of j?
7
Suppose 0 = 4*p + 4*c - 5532, -26*c + 23*c = p - 1389. What is the units digit of p/(-8)*(-72)/45?
6
Suppose -79*g + 65*g + 28 = 0. Suppose 4*q - 790 = -g*p + 406, 5*p - 4*q = 2976. What is the units digit of p?
6
Suppose 0 = 16*j - 12*j - 52. Suppose j*t - t = 624. What is the tens digit of t?
5
Let b(q) = 133*q**3 + 20*q**2 - 48*q - 8. What is the tens digit of b(3)?
1
Suppose j = -3*y + 8804, 34*j - 4*y = 36*j - 17596. What is the thousands digit of j?
8
Suppose y = -i - 9, -2*y - 23 = i - 10. Let h be (((-70)/15)/1)/(y/18). Let q = 103 - h. What is the units digit of q?
2
Suppose 272*o - 521*o - 1087870 = -263*o. What is the tens digit of o?
0
Suppose 2*y - 94 = -86. Suppose 2*p - 4*q - 581 = -9*q, -y*p = -4*q - 1092. What is the tens digit of p?
7
Let r(a) = 2*a**2 - 6*a - 6. Let b be r(6). Let p be ((-22)/3)/((-10)/b). Let d = 0 + p. What is the tens digit of d?
2
Let k(u) = -2*u**3 - 8*u**2 - 16*u + 8. Let l(s) = -2*s**3 - 7*s**2 - 16*s + 8. Let a(c) = 3*k(c) - 2*l(c). What is the hundreds digit of a(-8)?
5
Let k be (-35224)/(-98) + (-20)/(-35). Suppose 5*y + 20 = 0, y + 505 = t - k. What is the hundreds digit of t?
8
Let x be (-74)/(-3) + -1 - (-3)/9. Let d = x - 21. Suppose d*g + g - 273 = -3*u, 3*g + 2*u - 204 = 0. What is the units digit of g?
6
Let c be (7 + -9)/(2/(-4)). Suppose 3*v = 5*r - v - 283, -4*r - c*v = -212. Suppose 10 = -4*u + 3*t + 73, -5*u = t - r. What is the tens digit of u?
1
Let p(l) = -1436*l - 1198. What is the thousands digit of p(-6)?
7
Let t = -70 - -55. What is the units digit of (6 + -301)*24/t?
2
Let f(h) = -10*h**3 - 4*h**2 - 104*h - 730. What is the hundreds digit of f(-7)?
2
Suppose -11*m + 8*m = 3*z - 93, 0 = m + 5*z - 43. Suppose 14*b + m*b - 13566 = 0. What is the units digit of b?
3
Let u(w) = w**3 - 13*w**2 + 4. Let h be u(13). Suppose -5*k + 3*c + 12 = -70, 2*c - 48 = -h*k. What is the units digit of ((-8)/k)/((-8)/140)?
0
Let g = -415 + 422. Suppose g*j - 8*j - 666 = -s, 0 = s + 5*j - 696. What is the hundreds digit of s?
6
Let m be 1/(-3) + (-800)/(-24). Let c(b) = 14*b - 246. What is the units digit of c(m)?
6
Suppose -5*c + 4*c - 7 = 0. Let s be (-3)/9 - (-1 - c/(-3)). Suppose 0 = -5*h - 4*o + 266, 3*h - s*o = -0*h + 138. What is the units digit of h?
0
Suppose 0 = 4*u - 2*p + 4370, 2784 = 5*u + 2*p + 8269. Let f = 1951 + u. What is the hundreds digit of f?
8
Suppose -54*m + 4265656 = -5*m + 1429683. What is the tens digit of m?
7
Let c(y) = -29*y - 57. Let j be c(-17). Suppose -2*b - 4*d + j = -0*d, b - 219 = -3*d. What is the hundreds digit of b?
2
Let h be 45/20 + ((-45)/(-12) - 4). Suppose -h*w - 10*i + 490 = -7*i, w = -4*i + 245. What is the hundreds digit of w?
2
Let k be 9/((-90)/(-25) - (-6)/(-10)). Let s be (-118)/(2*k/9) - 1. Let h = 409 + s. What is the tens digit of h?
3
Suppose 8*t + 3*m = 12*t - 10556, 3*m = -4*t + 10580. What is the thousands digit of t?
2
What is the hundreds digit of 388854/24 + (-2)/(4 - -4)?
2
Suppose 0 = 4*v - 17*v + 78. Suppose -l + 134 = -4*o + v*o, -4*l + 486 = -2*o. What is the hundreds digit of l?
1
Let k(d) = -d**2 + 16*d + 19. Let o be k(17). Suppose b - 5*j = 7 + 348, o*b - 650 = -5*j. What is the units digit of b?
5
Let o(j) = -7 - 11*j**2 - 2*j**3 + 0*j**2 + 3*j**3 + 7*j + 4*j**2. Let i be o(6). What is the units digit of (-7)/(-6) + i - 2540/(-24)?
6
Let g(j) = j**3 + 19*j**2 - 31*j + 7. Let f be 9/(-6)*36/(-27). Suppose f*z - z - 2 = 0, 0 = 3*p + 4*z + 52. What is the hundreds digit of g(p)?
2
Suppose 4*a + 5*l - 120272 = 0, -120336 = -4*a - 191*l + 194*l. What is the thousands digit of a?
0
Suppose 0 = -4*r - 2*c + 54577 + 4737, 0 = -5*r + 4*c + 74188. What is the hundreds digit of r?
8
Suppose j + 10 + 21 = 0. Let p = j - -125. What is the tens digit of p?
9
Let w(y) = -14*y**3 + 10*y**2 + 182*y + 5. What is the thousands digit of w(-9)?
9
Let j(m) = 2*m**2 - 51*m - 578. What is the hundreds digit of j(-34)?
4
Suppose 0 - 5 = -5*o. Let h = 6 - o. Suppose -f + v + 113 = 0, -h*f + 725 - 162 = -4*v. What is the tens digit of f?
1
Suppose 29*n + 5*l + 20 = 26*n, -2*l - 8 = -2*n. Suppose -2*o - 401 + 1235 = n. What is the hundreds digit of o?
4
Let f = 108 - 55. Suppose -2*t - 2*w - 54 = -4*t, -2*t = -w - f. Suppose -t*q + 29*q = 57. What is the units digit of q?
9
What is the units digit of 2*(-2 + 0) - (-12872 + -6)?
4
Suppose 14*y = 13*y + 3. Suppose b - 1 = -y. What is the units digit of (8/(-2))/(-4)*(-178)/b?
9
What is the tens digit of (37 + 1683/(-45))*(-2 - 148648)?
6
Suppose 25*i + 6*i - 163215 = 0. What is the units digit of i?
5
Let n(s) = -s**3 + 17*s**2 - 18*s - 25. Let h be n(16). Let f = -3 + h. Let t = f + 101. What is the units digit of t?
1
Let p = 521 - 519. Let f(y) = 289*y**2 - 5*y + 7. What is the tens digit of f(p)?
5
Let x = 574 - 517. Suppose x*c = 43*c + 840. What is the tens digit of c?
6
Let k(a) be the second derivative of a**4/3 - 7*a**3/3 - 21*a**2/2 + 3*a - 21. What is the tens digit of k(20)?
9
Suppose -6*o + 14*o = 32. Suppose o*s = -2*y - 16, -7 = y - s + 4*s. Let f = 180 + y. What is the hundreds digit of f?
1
Let g(p) = 7 - 3*p**3 - 8 - 18*p**2 + 9 + 7 + 3*p. Let k be g(-6). What is the tens digit of 3*k/(-6)*138?
0
Suppose -2*x - 3*c - 2 = -2*c, 0 = x - 4*c - 8. Suppose 596*y = 523*y + 67452. Suppose x*z + 4*z = y. What is the hundreds digit of z?
2
Let s(y) be the third derivative of -5*y**4/6 - y**3/3 - 5*y**2. Let p(f) = 5*f + 4. Let m be p(-1). What is the units digit of s(m)?
8
What is the tens digit of ((-244536)/(-4))/((-1029)/(-42) + -23)?
5
Suppose 369 = -10*m - 271. Let p be (-16)/m - 54/(-8). Let b(i) = 2*i**2 - 12. What is the tens digit of b(p)?
8
Let w(l) = l**3 - 6*l**2 - l + 18. Let p be w(6). Suppose p*m - 542 - 754 = 0. What is the units digit of m?
8
Let q be 2 - (-2162)/2 - (-3 - -5). Suppose 2*l + 3*z = 6*z + q, 5*l - 2690 = 5*z. What is the tens digit of l?
3
Suppose -16*q - 14 = 2. What is the hundreds digit of 2/(-16) - q/((-24)/(-17355))?
7
Let d = 174 - 250. Let j = d - -120. Let b = j + -15. What is the units digit of b?
9
Suppose 564*n = 3*r + 563*n - 76826, -5*r = -4*n - 128041. What is the thousands digit of r?
5
Let i = 167099 + -112496. What is the tens digit of i?
0
Suppose 0 = w - 5, 5*b = -5*w - 0*w + 70. Suppose -5*l = -b*l - 400. Let h = l - -317. What is the units digit of h?
7
Let x(h) = h - 10. Let f be x(10). Let j be (1 - f)/(16 - 15). What is the units digit of (j - 0) + 265/(-15)*-6?
7
Suppose 60 = 4*j - r, -3*r = -0*j - 4*j + 60. Suppose -2*v + 360 - 45 = -l, -j = 5*l. Suppose 13*o = 15*o - v. What is the tens digit of o?
7
Let t = 15629 + -6796. What is the thousands digit of t?
8
Let o(b) = -5*b - 59. Let l be o(-21). What is the hundreds digit of (-2208)/20*(4 + l/(-4))?
8
Let k(s) = 7651*s + 8130. What is the ten thousands digit of k(5)?
4
Suppose o = y - 3059 - 15879, -3*y + 56808 = -5*o. What is the tens digit of y?
4
Suppose 71*k = 219*k - 4552332. What is the units digit of k?
9
Let x be 327592/52 + 3 + 37/(-13). Suppose 0*q + x = 4*y + 4*q, -5*y + 7885 = -5*q. What is the hundreds digit of y?
5
Let r = -16 + 19. Suppose r*z = -3*z + 24. Suppose -3*v + 305 = -z*n, -2*v - n - 2*n + 192 = 0. What is